a) = a**2 + 18*a - 13. Let n be z(i). What is k(n)?
-22
Let c(o) be the second derivative of o**3/6 + o**2/2 + 139*o + 12. Let j = 9 - 4. Give c(j).
6
Suppose c - 9 + 3 = -4*q, 5*q = c - 6. Let d(u) = u**3 + 6 - c + 0*u - u + 7*u**2. Let z be d(-7). Let n(x) = -2*x + 10. Give n(z).
-4
Let r(q) be the second derivative of -q**5/20 - 13*q**4/12 + 23*q**3/6 - 115*q**2/2 + 141*q. Give r(-15).
-10
Let f(j) = -j**3 + 5*j**2 + 6*j + 8. Suppose -2*u + 2*b - 16 = -6*u, 2*b = -u + 4. Suppose 2 = 3*g + u*y, -4*g + 6*y + 44 = y. Determine f(g).
8
Let j be (-2 - -1 - 202)/(10 + -9). Let z = j - -199. Let c(h) be the first derivative of -h**4/4 - 5*h**3/3 - 7*h**2/2 - 4*h + 1. Calculate c(z).
8
Suppose t = -12 - 53. Let c be (-16)/(-10) - 26/t. Let v(h) = h - 2. What is v(c)?
0
Let p(q) be the first derivative of q**3/3 + 3*q**2/2 + 19*q - 1665. What is p(-9)?
73
Let l(o) be the third derivative of 0*o - 1/3*o**3 + 1/6*o**4 + 0 + 450*o**2 - 1/20*o**5. Let j = 10 + -7. Give l(j).
-17
Suppose 3*l - 1 = 5. Suppose -11*x = -3*x - 144. Let i(b) = 3*b - x + 4 + 11. What is i(l)?
3
Let l(c) = -13*c**2 - 6*c - 9. Let k(a) = a**3 + a - 1. Let f(i) = -2*k(i) + l(i). Let y(j) = j**3 - 11*j**2 + 34*j - 86. Let t be y(8). What is f(t)?
5
Let r(y) be the second derivative of -y**3 + 11*y**2 + 2*y - 1269. Determine r(7).
-20
Let t(s) = -5*s**2 + s. Let z(d) = -16*d**2 + 15*d - 3. Let q(h) = 3*t(h) - z(h). Give q(10).
-17
Let v(h) = -h**2 - 10*h - 15. Let f be v(-7). Let n(r) = 3*r**2 - 28*r + 19. Let d(o) = -o**2 + 10*o - 7. Let p(g) = 11*d(g) + 4*n(g). Give p(f).
23
Let z(x) = -2*x + 5. Suppose 0 = 3*g - 5*g - 3*g. Suppose g = 6*s - 1 - 17. Let o be (-12)/(-8)*-2 - s/1. What is z(o)?
17
Let x = -307 - -452. Let y = -149 + x. Let m(i) = -3*i**2 - 6*i - 6. Give m(y).
-30
Let k(v) = -v**3 - 8*v**2 - 2*v - 9. Suppose -3*y + 174 = -t - t, -4*t = -3*y + 168. Suppose -5*j = -20 + y. Calculate k(j).
7
Let r(m) = 5 - m - m + 17 - 18. Let n(q) = -q**2 - 6*q - 8. Let d be n(-4). Determine r(d).
4
Let w(z) = -8*z**2 - 48*z + 801. Let k(s) = -s**2 - 7*s + 107. Let f(j) = -15*k(j) + 2*w(j). Let r = 0 + 6. Calculate f(r).
15
Let z(l) be the third derivative of -13/24*l**4 + 1/120*l**6 + 2*l**2 + 7/3*l**3 - 11/60*l**5 - 62 + 0*l. Determine z(12).
2
Let f(r) be the second derivative of -r**5/20 + 3*r**4/4 + 23*r**3/6 - 3*r**2 - 445*r + 1. Calculate f(11).
5
Let w(u) be the first derivative of u**4/4 + 5*u**3/3 + 3*u**2/2 + 6*u + 630. What is w(-5)?
-9
Let c(x) = -42 + 22*x + 192*x - 215*x. What is c(-30)?
-12
Let v(r) = -13*r**3 - r**2 - 2*r - 1. Let s be ((-4)/6)/(6/(-9))*5. Suppose -d + 14 = -5*t, -15 = s*t + d + 1. Let p be t/6*9/((-9)/(-2)). Give v(p).
13
Let m = -13 - -25. Suppose 32*x - 6*x = 182. Let o(n) = m*n**2 - 23*n**2 + x + 10*n**2 - 5*n. Determine o(-6).
1
Let f(m) = m**3 - 10*m**2 - 7*m + 151. Let d be f(9). Let i(h) = h**2 - 10*h + 8. Determine i(d).
-13
Let b(w) = -2*w**3 - 11*w**2 - 11*w - 1. Let z(m) = -9*m**2 - 9*m. Let c(o) = 3*b(o) - 4*z(o). Calculate c(-3).
177
Let n be 69/92*(-4)/(-3). Let m(k) = -15 + 1 - n + 24 + k. What is m(-5)?
4
Let c(m) = -18 - 12*m + 20*m - 14*m - 6*m + 0*m. What is c(8)?
-114
Let x be ((-18)/(-30))/(2/10). Let m(y) be the third derivative of -y**5/60 - y**4/12 + y**3/2 + y**2 - 52. What is m(x)?
-12
Suppose 16*n - 53 - 27 = 0. Let l(k) = -53*k + 261. Let c be l(n). Let b(v) = -2*v**2 - 3*v - 4. Determine b(c).
-24
Let o(f) = -5*f**2 + 3*f + 10. Let x(u) = -u**2 - 36*u - 241. Let v be x(-27). What is o(v)?
-4
Let q(x) = 6*x**2 + 9*x - 3. Let a(f) = -f**3 - f**2 - f - 2. Suppose c - 19 = -5*u, 2*c - 2*u = -0*u - 10. Let o(g) = c*q(g) - a(g). Give o(6).
-7
Let q be 2 + 3/((-3)/(-2)). Let o(x) be the first derivative of 1/2*x**2 - 5*x + 4. Determine o(q).
-1
Let q(l) = l**3 + l**2 + l - 3. Let k = -437 + 469. Let z be 45/27 + (1 - k/12). What is q(z)?
-3
Let f(b) be the second derivative of -b**5/20 - 3*b**4/2 + b**3/6 + 39*b**2/2 + 1092*b. Determine f(-18).
21
Let l(z) = -z**3 + 23*z**2 + z - 2. Let b(o) = 1465*o + 8813. Let r be b(-6). Calculate l(r).
21
Let r(l) = 39*l - 62. Let y be r(2). Let o(i) = 14 + y - 23*i - 38 + 8. Give o(1).
-23
Let h(v) be the first derivative of -3*v**2 - 1/4*v**4 - 21 + 0*v - 5/3*v**3. Let g be (3 + 2)*(-12)/15. Determine h(g).
8
Let j(n) be the second derivative of 2/3*n**4 - 9/2*n**2 + 1/6*n**3 + 0 + 1/20*n**5 - 162*n. What is j(-8)?
-17
Suppose 0 = -2*u - 23 + 1. Let h(o) be the second derivative of o**5/20 + o**4 + 2*o**3 + 3*o**2 - 28569*o. Give h(u).
-5
Let f(w) = -w**2 + 9*w - 2. Let p be f(8). Let j(h) = h**3 + 4*h**2 + 4*h - 4. Let q(v) = -v**3 - 3*v**2 - 3*v + 5. Let c(m) = p*j(m) + 5*q(m). Determine c(-7).
36
Let u(f) be the third derivative of 5*f**4/24 - 73*f**3/6 - 4*f**2 + 381. What is u(15)?
2
Let u(n) be the second derivative of -n**3/3 + 15*n**2/2 - 2*n - 20. Give u(5).
5
Let c(g) be the first derivative of g**3/3 - 23*g**2/2 - 34*g + 3499. Give c(24).
-10
Let u be -5*(-8)/(-40)*-3. Let s(k) = 901 - 904 + u*k**2 - 5*k**2 - k. What is s(2)?
-13
Let f(p) = -2*p**3 - 12*p**2 + 15*p + 5. Suppose 0 = -4*i - 4, -11*i = 3*u - 8*i + 24. Give f(u).
-2
Let k(p) = -2*p - 9 - 7 + 4*p + 18. Let v(f) be the first derivative of f**4/2 - f**3 - f**2 - 17. Let h be v(-1). Determine k(h).
-4
Let q = 239 + -218. Let a(f) = -q*f**3 + f + 2 - 1 + 6 + 8*f**2 + 20*f**3. What is a(8)?
15
Let u = -5711 - -5706. Let d(t) = 7*t + 41. Calculate d(u).
6
Let a(g) be the second derivative of g**4/12 + 5*g**3/3 - 7*g**2/2 - 32*g - 33. Let n = -21 - -12. Determine a(n).
-16
Suppose -n = 2*c + 10, 5*c + 17 = -n - 5. Let s(d) = d**2 + 5*d + 4. Determine s(c).
0
Let l(f) = -f**3 - 20*f**2 + 8. Let g be 1/(14/80)*7/(-2). Determine l(g).
8
Suppose 419*d = 415*d + 4. Let f(w) = -13*w**2 + 6*w + 4. Give f(d).
-3
Let h(n) be the first derivative of -3*n**2 - 227*n - 8471. Determine h(-38).
1
Let b(k) = -k**2 - 8*k - 1. Let p be (2/1)/((-50)/10450). Let t = 412 + p. Determine b(t).
11
Let a(w) be the second derivative of w**5/20 - 4*w**3/3 - w**2/2 + w + 86. What is a(-3)?
-4
Let g(z) be the second derivative of z**5/20 + 29*z**4/12 + 29*z**3/6 + 5*z**2 - 6*z - 87. Give g(-28).
-18
Suppose 5*v - 250 = -30. Let m be v/6 - (-24)/(-18). Suppose 0 = -m*y + 21 + 15. Let l(p) = p**3 - 6*p**2 + p - 3. Determine l(y).
3
Suppose 0 = 5*l + 3*l. Let o be (1 - 4/3)*l. Suppose 9*d + 34 + 11 = o. Let a(w) = -w**3 - 6*w**2 - 5*w - 2. Calculate a(d).
-2
Let b(k) be the second derivative of 5*k**3/3 + k**2 + k. Let m(o) = -858*o - 2577. Let f be m(-3). What is b(f)?
-28
Let t(m) = -m**3 + 15*m**2 - 36*m + 135. Let i be t(13). Let v(r) = -r**3 + 5*r**2 + 5*r - 7. Calculate v(i).
18
Let j(v) = v**3 - 10*v**2 + 28*v - 411. Let s be j(11). Let n(x) = x**2 - 20*x + 52. What is n(s)?
16
Let b(p) = -17 - 568*p + 40 + 292*p + 274*p. What is b(12)?
-1
Let k = -2 + -1. Let q = -79 + 81. Let d(l) = 7 + 2*l + 0*l - q - 1. Give d(k).
-2
Suppose -31*v - 6 = -30*v. Let k(i) = -13*i - 1. Let q(m) = -2*m - 1. Let h(z) = v*q(z) + k(z). Calculate h(2).
3
Let r be (0/(-4))/5 + 16. Let w = r - 12. Let g(y) = y**3 - 3*y**2 - y + 1. What is g(w)?
13
Let t(f) = -16 - 1594*f + 35 + 1572*f + 121 - 9. Calculate t(8).
-45
Let k be 39/4 + 1/4. Let c be -1 + 740 + -5 + k. Let g(w) = 1 - 743*w + c*w + w**2 - 7*w**2. Determine g(-1).
-6
Suppose -3*r + 13 = 4*d, -5 - 6 = -2*d + 3*r. Suppose -1 = -d*u + 23. Let p(l) = -l + 7. Let m(a) = a - 7. Let c(b) = 6*m(b) + 5*p(b). Determine c(u).
-1
Let r(y) = -y**2 + 2. Suppose 17*x + 8 = 14*x + 5*f, 0 = 2*x + 2*f - 16. Let g(d) = d**2 - d - 1. Let o(h) = x*g(h) + 5*r(h). Calculate o(5).
-39
Let g be (-208)/(-26) - (-15 - -34). Let y(x) = x**2 - 2 + 2*x - 8 + 9*x. Determine y(g).
-10
Let r(y) = 10*y - 25. Let a(w) = -3 - 39*w + 45*w - 14 + 0. Let s(x) = 8*a(x) - 5*r(x). Determine s(-8).
5
Let n(r) be the first derivative of r**2 + 4*r - 3333. Let d = -4 + 1. Give n(d).
-2
Suppose 5*q = 10*q - 4*w - 925, -3*w - 555 = -3*q. Let r = -176 + q. Let x(m) = -2*m + 22. What is x(r)?
4
Suppose 0 = -5*u + 2*w, 2*u = -2*w + 12 + 2. Let y(s) = -3*s**2 + 5*s - 1. What is y(u)?
-3
Let s(n) be the first derivative of -n**4/2 - n**3/3 - 9*n**2/2 + 17*n + 246. Let x(m) be the second derivative of s(m). Give x(3).
-38
Let z(r) = -r**2 - 9*r + 10. Suppose 